et x be p(k). What is the greatest common factor of 9 and x?
9
Let x = 10 - 3. Let r = 157 - 101. What is the highest common factor of r and x?
7
Let u = 20 + 13. Suppose -5*g + 44 = -3*g. What is the greatest common factor of g and u?
11
Suppose 1 = -d, 5*i - 221 = -0*d - 4*d. Let r = 80 + -71. Calculate the greatest common factor of r and i.
9
Suppose -m + 2*o = -0*m - 24, 2*m + 4*o = 8. Let s be (4/5)/(m/245). What is the greatest common factor of 28 and s?
14
Let y be (-352)/(-20) - (-6)/15. Calculate the highest common factor of y and 3.
3
Let p(o) be the second derivative of -o**5/20 + 3*o**4/4 + o**3/2 - 13*o**2/2 - 3*o. Let v be p(9). What is the highest common divisor of 56 and v?
14
Let n = 18 + 22. Suppose 2*m = 3*k + 4*m - n, 5*m = 2*k - 14. Let t(x) = 97*x**2 + 2*x + 1. Let q be t(-1). Calculate the highest common divisor of q and k.
12
Suppose 0 = j - 0*j - 3*v - 84, 2*v = 3*j - 231. Suppose 5*q - 6*h = -4*h + 154, -3*q - 2*h + 86 = 0. What is the greatest common divisor of q and j?
15
Let t be 10/(-55) + 13/(-11)*-254. Calculate the greatest common factor of t and 12.
12
Let f(a) = a**3 - 6*a**2 + 7*a. Let o be f(5). What is the highest common divisor of o and 5?
5
Let v be 303/7 - 26/91. What is the highest common divisor of v and 86?
43
Let w(u) = 54*u**2 - 2*u + 1. Let h(z) = -z**2 - 2*z + 4. Let n be h(-3). Let y be w(n). Let g = y + 46. Calculate the highest common factor of 11 and g.
11
Let u(r) = -r**2 + 8*r - 3. Let t = -5 - -10. Let k be u(t). What is the greatest common divisor of 24 and k?
12
Let z(a) = -3*a**3 - 2*a. Let y be z(-2). Let u = -18 + y. What is the greatest common factor of 50 and u?
10
Suppose 5*a + 0*u - 309 = -4*u, 3*u = 2*a - 142. What is the greatest common divisor of a and 26?
13
Suppose 4*f - 2*f - 32 = 0. Let z = 8 + -3. Let h be (-1)/(-1) + z + -4. What is the greatest common divisor of f and h?
2
Let j be ((-24)/10)/((-26)/65). What is the greatest common factor of 54 and j?
6
Let a(b) = 2*b**2 + 3*b - 14. Let j be a(-7). Calculate the greatest common divisor of 21 and j.
21
Suppose x = -0*x + 4. Let s be x/6 + (-1146)/(-9). What is the highest common factor of 16 and s?
16
Let w(i) = i**3 + 4*i**2 - 2*i + 1. Let o be w(-4). Calculate the highest common factor of 90 and o.
9
Let b = 38 + -23. Suppose 0 = 5*q - 0*q. Suppose -2*k - 7 + 1 = q, -2*k - 26 = -2*p. Calculate the greatest common factor of p and b.
5
Let o(f) = f**2 - 2*f - 4. Let p be o(6). What is the greatest common divisor of 180 and p?
20
Suppose -5*k + 4*m + 292 = 0, 0*k + 5*k - 2*m - 286 = 0. Calculate the highest common factor of 14 and k.
14
Let t(b) = b**3 - 4*b**2 - 6*b + 2. Let o be t(5). Let d be 3 - ((-14 - o) + -1). What is the greatest common factor of d and 75?
15
Let m = 189 - 54. Suppose 6*p - m = p. Calculate the greatest common divisor of p and 18.
9
Let k = 6 - 8. Let o(x) = -7*x**3 - 2*x**2. Let r be o(k). What is the highest common factor of 24 and r?
24
Let f = -25 + 41. Calculate the highest common factor of 16 and f.
16
Let q(y) = 2*y**2 + 3*y - 6. Let a be q(-4). Let x = 112 + -66. Let v = x - 18. What is the greatest common factor of a and v?
14
Let h = 68 - 52. Calculate the highest common divisor of 112 and h.
16
Suppose -6 - 19 = -5*s. Suppose 0*n + s*n - 211 = -c, -2*c = -3*n + 124. What is the highest common factor of n and 14?
14
Let t(q) = 3*q + 3. Let f(w) = w**2 - w + 2. Let a be f(-3). Let c be t(a). Calculate the highest common factor of 9 and c.
9
Let q = 11 + 8. Let b be (-1)/(((-1)/19)/1). What is the greatest common divisor of q and b?
19
Suppose 4*a + a = 0. Let t(c) = -c**3 - c**2 + c + 49. Let k be t(a). Calculate the highest common factor of 7 and k.
7
Let n(y) = -28*y + 12. Let l(v) = -11*v + 5. Let i(f) = -12*l(f) + 5*n(f). Let t be i(-5). Suppose -8 = -5*j + 42. What is the highest common factor of j and t?
10
Suppose 0 = 2*a - 3*w - 83, a - w - 54 = 3*w. Calculate the highest common factor of 34 and a.
34
Let a = 38 - 11. Let z = -575 + 872. What is the greatest common divisor of a and z?
27
Suppose 5*n - 117 = -0*r - 2*r, 0 = 4*r - 3*n - 221. What is the greatest common divisor of r and 28?
28
Let i be (-2)/6 - 624/(-36). Suppose -2*q = 3*q - 5*f - 60, -q - 4*f + 37 = 0. What is the greatest common factor of q and i?
17
Let q = -1 + 4. Let s be ((-40)/30)/(2/(-3)). Suppose s*l = q*l - 55. Calculate the highest common divisor of 5 and l.
5
Let p be -2 - (-1 + -3 + 1). Let k be 2/7 - (-52)/14. Calculate the highest common factor of k and p.
1
Suppose v = -3*f + 23, 56 = 4*v + 3*f - 0*f. Calculate the greatest common divisor of 22 and v.
11
Let d be 4/(-12) - 1/(3/(-79)). Calculate the greatest common divisor of d and 130.
26
Let q(s) = s**2 - 6*s + 4. Let w be q(5). Let r be 2*-8*w/2. Calculate the greatest common factor of r and 4.
4
Suppose -n - 6 + 19 = 0. Let p = n + -5. Suppose 0 = -6*r + r + 5*x + 220, -4*x + 144 = 4*r. What is the greatest common factor of r and p?
8
Let h(y) = y**3 + y**2 + 3*y. Let d be h(5). What is the greatest common divisor of d and 15?
15
Let i = -7 - -37. Let z be (-4)/(-10) + 1518/i. Calculate the highest common divisor of 17 and z.
17
Let z = 44 - 26. Calculate the highest common divisor of 198 and z.
18
Suppose -36 = -z - t, 3*t - 148 = -4*z - 0*t. What is the highest common divisor of 10 and z?
10
Let d(p) = 5*p - 77. Let n be d(19). What is the greatest common factor of 30 and n?
6
Let f(s) = s**2 - 7*s + 5. Let l be f(7). Suppose 4*g + 4 = 0, 4*g = -0*o - l*o + 66. What is the greatest common divisor of o and 42?
14
Let w be 3/12 + (-510)/(-8). What is the greatest common divisor of w and 4?
4
Suppose -4*y + 60 = p, -2*y - y = -p - 52. Let b(i) = -i**3 + 6*i**2 + 7*i - 2. Let f be b(6). What is the highest common factor of f and y?
8
Let s = 308 - 294. Suppose 3*w - 10 = -c, -5*c + w + 4 = -30. What is the greatest common factor of c and s?
7
Suppose 4*m = 4*k - 3 - 21, -5*k + 8 = -3*m. Let v = m - -16. Suppose v*g - g = 320. Calculate the greatest common factor of 16 and g.
16
Suppose -4*c + 145 = -3*u, 3*c + 2*u = 3*u + 105. What is the highest common factor of 17 and c?
17
Let f = -44 + 64. Let c(q) = q**2 + 2*q + 2. Let r be c(-4). What is the highest common divisor of f and r?
10
Suppose -51 = -2*o + 57. Suppose 4*u - o = -2*u. Calculate the greatest common divisor of u and 72.
9
Suppose 27 = -f + 4*f. Suppose -f = -3*r + 2*x, 3*r = -r - x + 12. Suppose 3*i - 19 = -3*w - i, i = w + 3. Calculate the highest common divisor of w and r.
1
Let g be 30/40*(5 - 1). Calculate the greatest common divisor of 3 and g.
3
Suppose 3*t = -3*t + 312. What is the greatest common factor of t and 13?
13
Let j be 115/7 - 3/7. Calculate the highest common divisor of 144 and j.
16
Let y = 44 - -16. What is the highest common factor of y and 300?
60
Suppose 3*g = -2*o - 2*o - 16, 16 = -4*g - 4*o. Let a be -3 - g/1 - -9. Calculate the greatest common factor of 66 and a.
6
Let a be 1/(-4) + (-9)/(-4). Suppose v - a*v = -6. Suppose -d - v = -40. What is the greatest common divisor of d and 85?
17
Let a = -20 + 25. Calculate the highest common factor of a and 35.
5
Let y(g) = -9*g - 4. Let w be y(-2). What is the greatest common factor of w and 98?
14
Let f = 64 - 24. What is the greatest common factor of f and 20?
20
Suppose 0 = 5*g - 4*t - 71, -4*g + 2*t + 56 = -2*t. Let n be (-4)/(-10) + 54/g. Suppose -q + 225 = n*q. Calculate the highest common divisor of 9 and q.
9
Suppose 0*q + 87 = 3*v + 3*q, -4*q = 2*v - 60. What is the greatest common factor of 28 and v?
28
Let w be (-2)/(((-25)/(-30))/(-5)). Calculate the greatest common divisor of 15 and w.
3
Suppose -4*m + 28 = -3*m + 4*b, 0 = 5*m + b - 197. Let d be (14/8)/(5/m). Let q = 16 - -5. Calculate the highest common divisor of q and d.
7
Suppose 1 - 9 = h - 2*t, 3*h = -5*t + 31. Suppose -2*l = -3*y - 26, l + l - 34 = -y. What is the highest common divisor of l and h?
2
Let s(d) = -4*d - 2. Let j be s(-3). Calculate the highest common factor of j and 10.
10
Let y = 19 - 6. Calculate the greatest common divisor of y and 117.
13
Suppose -64 = -y + 5*f, f - 253 = -5*y + 67. Calculate the highest common divisor of 8 and y.
8
Let h(v) be the first derivative of -v**4/4 + 5*v**3/3 + 4*v**2 + 6. Let q be h(6). What is 